{"id":265,"date":"2026-02-02T13:09:57","date_gmt":"2026-02-02T13:09:57","guid":{"rendered":"https:\/\/chronomancie.fr\/?page_id=265"},"modified":"2026-02-03T16:15:31","modified_gmt":"2026-02-03T16:15:31","slug":"indicateurs","status":"publish","type":"page","link":"https:\/\/chronomancie.fr\/index.php\/indicateurs\/","title":{"rendered":"rep\u00e8res de sensibilit\u00e9"},"content":{"rendered":"\t\t<div data-elementor-type=\"wp-page\" data-elementor-id=\"265\" class=\"elementor elementor-265\" data-elementor-post-type=\"page\">\n\t\t\t\t<div class=\"elementor-element elementor-element-b65a43e e-flex e-con-boxed e-con e-parent\" data-id=\"b65a43e\" data-element_type=\"container\" data-e-type=\"container\" data-settings=\"{&quot;background_background&quot;:&quot;classic&quot;}\">\n\t\t\t\t\t<div class=\"e-con-inner\">\n\t\t\t\t<div class=\"elementor-element elementor-element-b88dbb4 elementor-invisible elementor-widget elementor-widget-heading\" data-id=\"b88dbb4\" data-element_type=\"widget\" data-e-type=\"widget\" data-settings=\"{&quot;_animation&quot;:&quot;fadeInDown&quot;}\" data-widget_type=\"heading.default\">\n\t\t\t\t\t<h1 class=\"elementor-heading-title elementor-size-default\">rep\u00e8res de sensibilit\u00e9<\/h1>\t\t\t\t<\/div>\n\t\t\t\t<div class=\"elementor-element elementor-element-f9c642a elementor-view-default elementor-widget elementor-widget-icon\" data-id=\"f9c642a\" data-element_type=\"widget\" data-e-type=\"widget\" data-widget_type=\"icon.default\">\n\t\t\t\t\t\t\t<div class=\"elementor-icon-wrapper\">\n\t\t\t<div class=\"elementor-icon\">\n\t\t\t<svg aria-hidden=\"true\" class=\"e-font-icon-svg e-fas-angle-down\" viewBox=\"0 0 320 512\" xmlns=\"http:\/\/www.w3.org\/2000\/svg\"><path d=\"M143 352.3L7 216.3c-9.4-9.4-9.4-24.6 0-33.9l22.6-22.6c9.4-9.4 24.6-9.4 33.9 0l96.4 96.4 96.4-96.4c9.4-9.4 24.6-9.4 33.9 0l22.6 22.6c9.4 9.4 9.4 24.6 0 33.9l-136 136c-9.2 9.4-24.4 9.4-33.8 0z\"><\/path><\/svg>\t\t\t<\/div>\n\t\t<\/div>\n\t\t\t\t\t\t<\/div>\n\t\t\t\t\t<\/div>\n\t\t\t\t<\/div>\n\t\t<div class=\"elementor-element elementor-element-fdac657 e-flex e-con-boxed e-con e-parent\" data-id=\"fdac657\" data-element_type=\"container\" data-e-type=\"container\" data-settings=\"{&quot;background_background&quot;:&quot;classic&quot;}\">\n\t\t\t\t\t<div class=\"e-con-inner\">\n\t\t\t\t<div class=\"elementor-element elementor-element-dcc28df elementor-widget elementor-widget-text-editor\" data-id=\"dcc28df\" data-element_type=\"widget\" data-e-type=\"widget\" data-widget_type=\"text-editor.default\">\n\t\t\t\t\t\t\t\t\t<p>Chronomancie imagine des ambiances avec des intensit\u00e9s vari\u00e9es et des m\u00e9canismes diff\u00e9rents.<br \/>Avec l&rsquo;aide de ces rep\u00e8res, vous pouvez choisir une exp\u00e9rience \u00e0 l&rsquo;\u00e2ge et \u00e0 la sensibilit\u00e9 des joueurs.<\/p>\t\t\t\t\t\t\t\t<\/div>\n\t\t\t\t\t<\/div>\n\t\t\t\t<\/div>\n\t\t<div class=\"elementor-element elementor-element-7c4348d e-flex e-con-boxed e-con e-parent\" data-id=\"7c4348d\" data-element_type=\"container\" data-e-type=\"container\" data-settings=\"{&quot;background_background&quot;:&quot;classic&quot;}\">\n\t\t\t\t\t<div class=\"e-con-inner\">\n\t\t<div class=\"elementor-element elementor-element-a271a11 e-con-full e-flex e-con e-child\" data-id=\"a271a11\" data-element_type=\"container\" data-e-type=\"container\">\n\t\t\t\t<div class=\"elementor-element elementor-element-ede6e43 elementor-position-top elementor-widget elementor-widget-image-box\" data-id=\"ede6e43\" data-element_type=\"widget\" data-e-type=\"widget\" data-widget_type=\"image-box.default\">\n\t\t\t\t\t<div class=\"elementor-image-box-wrapper\"><figure class=\"elementor-image-box-img\"><img fetchpriority=\"high\" decoding=\"async\" width=\"500\" height=\"500\" src=\"https:\/\/chronomancie.fr\/wp-content\/uploads\/2026\/02\/1.png\" class=\"attachment-full size-full wp-image-197\" alt=\"\" srcset=\"https:\/\/chronomancie.fr\/wp-content\/uploads\/2026\/02\/1.png 500w, https:\/\/chronomancie.fr\/wp-content\/uploads\/2026\/02\/1-300x300.png 300w, https:\/\/chronomancie.fr\/wp-content\/uploads\/2026\/02\/1-150x150.png 150w\" sizes=\"(max-width: 500px) 100vw, 500px\" \/><\/figure><div class=\"elementor-image-box-content\"><h3 class=\"elementor-image-box-title\">PEUR<\/h3><p class=\"elementor-image-box-description\">Ce rep\u00e8re indique des \u00e9lements <br \/>angoissants et d'\u00e9pouvantes.<\/p><\/div><\/div>\t\t\t\t<\/div>\n\t\t\t\t<\/div>\n\t\t<div class=\"elementor-element elementor-element-d67c196 e-con-full e-flex e-con e-child\" data-id=\"d67c196\" data-element_type=\"container\" data-e-type=\"container\">\n\t\t\t\t<div class=\"elementor-element elementor-element-e2b0ce5 elementor-position-top elementor-widget elementor-widget-image-box\" data-id=\"e2b0ce5\" data-element_type=\"widget\" data-e-type=\"widget\" data-widget_type=\"image-box.default\">\n\t\t\t\t\t<div class=\"elementor-image-box-wrapper\"><figure class=\"elementor-image-box-img\"><img decoding=\"async\" width=\"500\" height=\"500\" src=\"https:\/\/chronomancie.fr\/wp-content\/uploads\/2026\/02\/3.png\" class=\"attachment-full size-full wp-image-199\" alt=\"\" srcset=\"https:\/\/chronomancie.fr\/wp-content\/uploads\/2026\/02\/3.png 500w, https:\/\/chronomancie.fr\/wp-content\/uploads\/2026\/02\/3-300x300.png 300w, https:\/\/chronomancie.fr\/wp-content\/uploads\/2026\/02\/3-150x150.png 150w\" sizes=\"(max-width: 500px) 100vw, 500px\" \/><\/figure><div class=\"elementor-image-box-content\"><h3 class=\"elementor-image-box-title\">VIOLENCE<\/h3><p class=\"elementor-image-box-description\">Ce rep\u00e8re indique des violences <br \/>physiques et morales explicites.<\/p><\/div><\/div>\t\t\t\t<\/div>\n\t\t\t\t<\/div>\n\t\t<div class=\"elementor-element elementor-element-a4dd72a e-con-full e-flex e-con e-child\" data-id=\"a4dd72a\" data-element_type=\"container\" data-e-type=\"container\">\n\t\t\t\t<div class=\"elementor-element elementor-element-136382e elementor-position-top elementor-widget elementor-widget-image-box\" data-id=\"136382e\" data-element_type=\"widget\" data-e-type=\"widget\" data-widget_type=\"image-box.default\">\n\t\t\t\t\t<div class=\"elementor-image-box-wrapper\"><figure class=\"elementor-image-box-img\"><img decoding=\"async\" width=\"500\" height=\"500\" src=\"https:\/\/chronomancie.fr\/wp-content\/uploads\/2026\/02\/4.png\" class=\"attachment-full size-full wp-image-200\" alt=\"\" srcset=\"https:\/\/chronomancie.fr\/wp-content\/uploads\/2026\/02\/4.png 500w, https:\/\/chronomancie.fr\/wp-content\/uploads\/2026\/02\/4-300x300.png 300w, https:\/\/chronomancie.fr\/wp-content\/uploads\/2026\/02\/4-150x150.png 150w\" sizes=\"(max-width: 500px) 100vw, 500px\" \/><\/figure><div class=\"elementor-image-box-content\"><h3 class=\"elementor-image-box-title\">INSULTES<\/h3><p class=\"elementor-image-box-description\">Ce rep\u00e8re d\u00e9signe indique des insultes grossi\u00e8res et blessantes.<\/p><\/div><\/div>\t\t\t\t<\/div>\n\t\t\t\t<\/div>\n\t\t<div class=\"elementor-element elementor-element-54dffd8 e-con-full e-flex e-con e-child\" data-id=\"54dffd8\" data-element_type=\"container\" data-e-type=\"container\">\n\t\t\t\t<div class=\"elementor-element elementor-element-df8fd53 elementor-position-top elementor-widget elementor-widget-image-box\" data-id=\"df8fd53\" data-element_type=\"widget\" data-e-type=\"widget\" data-widget_type=\"image-box.default\">\n\t\t\t\t\t<div class=\"elementor-image-box-wrapper\"><figure class=\"elementor-image-box-img\"><img loading=\"lazy\" decoding=\"async\" width=\"500\" height=\"500\" src=\"https:\/\/chronomancie.fr\/wp-content\/uploads\/2026\/02\/2.png\" class=\"attachment-full size-full wp-image-198\" alt=\"\" srcset=\"https:\/\/chronomancie.fr\/wp-content\/uploads\/2026\/02\/2.png 500w, https:\/\/chronomancie.fr\/wp-content\/uploads\/2026\/02\/2-300x300.png 300w, https:\/\/chronomancie.fr\/wp-content\/uploads\/2026\/02\/2-150x150.png 150w\" sizes=\"(max-width: 500px) 100vw, 500px\" \/><\/figure><div class=\"elementor-image-box-content\"><h3 class=\"elementor-image-box-title\">SEXE<\/h3><p class=\"elementor-image-box-description\">Ce rep\u00e8re indique des r\u00e9f\u00e9rences <br \/>sexuelles explicites.<\/p><\/div><\/div>\t\t\t\t<\/div>\n\t\t\t\t<\/div>\n\t\t<div class=\"elementor-element elementor-element-b9aef93 e-con-full e-flex e-con e-child\" data-id=\"b9aef93\" data-element_type=\"container\" data-e-type=\"container\">\n\t\t\t\t<div class=\"elementor-element elementor-element-99a74be elementor-position-top elementor-widget elementor-widget-image-box\" data-id=\"99a74be\" data-element_type=\"widget\" data-e-type=\"widget\" data-widget_type=\"image-box.default\">\n\t\t\t\t\t<div class=\"elementor-image-box-wrapper\"><figure class=\"elementor-image-box-img\"><img loading=\"lazy\" decoding=\"async\" width=\"500\" height=\"500\" src=\"https:\/\/chronomancie.fr\/wp-content\/uploads\/2026\/02\/5.png\" class=\"attachment-full size-full wp-image-201\" alt=\"\" srcset=\"https:\/\/chronomancie.fr\/wp-content\/uploads\/2026\/02\/5.png 500w, https:\/\/chronomancie.fr\/wp-content\/uploads\/2026\/02\/5-300x300.png 300w, https:\/\/chronomancie.fr\/wp-content\/uploads\/2026\/02\/5-150x150.png 150w\" sizes=\"(max-width: 500px) 100vw, 500px\" \/><\/figure><div class=\"elementor-image-box-content\"><h3 class=\"elementor-image-box-title\">FLASHS<\/h3><p class=\"elementor-image-box-description\">Ce rep\u00e8re indique des lumi\u00e8res clignotantes <br \/>et des effets stroboscopiques.<\/p><\/div><\/div>\t\t\t\t<\/div>\n\t\t\t\t<\/div>\n\t\t<div class=\"elementor-element elementor-element-39dd067 e-con-full e-flex e-con e-child\" data-id=\"39dd067\" data-element_type=\"container\" data-e-type=\"container\">\n\t\t\t\t<div class=\"elementor-element elementor-element-a8fb824 elementor-position-top elementor-widget elementor-widget-image-box\" data-id=\"a8fb824\" data-element_type=\"widget\" data-e-type=\"widget\" data-widget_type=\"image-box.default\">\n\t\t\t\t\t<div class=\"elementor-image-box-wrapper\"><figure class=\"elementor-image-box-img\"><img loading=\"lazy\" decoding=\"async\" width=\"500\" height=\"500\" src=\"https:\/\/chronomancie.fr\/wp-content\/uploads\/2026\/02\/8.png\" class=\"attachment-full size-full wp-image-204\" alt=\"\" srcset=\"https:\/\/chronomancie.fr\/wp-content\/uploads\/2026\/02\/8.png 500w, https:\/\/chronomancie.fr\/wp-content\/uploads\/2026\/02\/8-300x300.png 300w, https:\/\/chronomancie.fr\/wp-content\/uploads\/2026\/02\/8-150x150.png 150w\" sizes=\"(max-width: 500px) 100vw, 500px\" \/><\/figure><div class=\"elementor-image-box-content\"><h3 class=\"elementor-image-box-title\">SURSAUTS<\/h3><p class=\"elementor-image-box-description\">Ce rep\u00e8re d\u00e9signe des \u00e9l\u00e9ments <br \/>impr\u00e9vus et surprenants.<\/p><\/div><\/div>\t\t\t\t<\/div>\n\t\t\t\t<\/div>\n\t\t<div class=\"elementor-element elementor-element-db5d305 e-con-full e-flex e-con e-child\" data-id=\"db5d305\" data-element_type=\"container\" data-e-type=\"container\">\n\t\t\t\t<div class=\"elementor-element elementor-element-01b0a98 elementor-position-top elementor-widget elementor-widget-image-box\" data-id=\"01b0a98\" data-element_type=\"widget\" data-e-type=\"widget\" data-widget_type=\"image-box.default\">\n\t\t\t\t\t<div class=\"elementor-image-box-wrapper\"><figure class=\"elementor-image-box-img\"><img loading=\"lazy\" decoding=\"async\" width=\"500\" height=\"500\" src=\"https:\/\/chronomancie.fr\/wp-content\/uploads\/2026\/02\/7.png\" class=\"attachment-full size-full wp-image-203\" alt=\"\" srcset=\"https:\/\/chronomancie.fr\/wp-content\/uploads\/2026\/02\/7.png 500w, https:\/\/chronomancie.fr\/wp-content\/uploads\/2026\/02\/7-300x300.png 300w, https:\/\/chronomancie.fr\/wp-content\/uploads\/2026\/02\/7-150x150.png 150w\" sizes=\"(max-width: 500px) 100vw, 500px\" \/><\/figure><div class=\"elementor-image-box-content\"><h3 class=\"elementor-image-box-title\">PEUR PSYCHOLOGIQUE<\/h3><p class=\"elementor-image-box-description\">Ce rep\u00e8re indique une pression psychologique exerc\u00e9e par des com\u00e9diens et des objets.<\/p><\/div><\/div>\t\t\t\t<\/div>\n\t\t\t\t<\/div>\n\t\t<div class=\"elementor-element elementor-element-042e53d e-con-full e-flex e-con e-child\" data-id=\"042e53d\" data-element_type=\"container\" data-e-type=\"container\">\n\t\t\t\t<div class=\"elementor-element elementor-element-b16b545 elementor-position-top elementor-widget elementor-widget-image-box\" data-id=\"b16b545\" data-element_type=\"widget\" data-e-type=\"widget\" data-widget_type=\"image-box.default\">\n\t\t\t\t\t<div class=\"elementor-image-box-wrapper\"><figure class=\"elementor-image-box-img\"><img loading=\"lazy\" decoding=\"async\" width=\"500\" height=\"500\" src=\"https:\/\/chronomancie.fr\/wp-content\/uploads\/2026\/02\/9.png\" class=\"attachment-full size-full wp-image-205\" alt=\"\" srcset=\"https:\/\/chronomancie.fr\/wp-content\/uploads\/2026\/02\/9.png 500w, https:\/\/chronomancie.fr\/wp-content\/uploads\/2026\/02\/9-300x300.png 300w, https:\/\/chronomancie.fr\/wp-content\/uploads\/2026\/02\/9-150x150.png 150w\" sizes=\"(max-width: 500px) 100vw, 500px\" \/><\/figure><div class=\"elementor-image-box-content\"><h3 class=\"elementor-image-box-title\">EXIGENCES PHYSIQUES<\/h3><p class=\"elementor-image-box-description\">Ce rep\u00e8re indique la n\u00e9cessite <br \/>de courir, sauter et grimper.<\/p><\/div><\/div>\t\t\t\t<\/div>\n\t\t\t\t<\/div>\n\t\t<div class=\"elementor-element elementor-element-f16a1e6 e-con-full e-flex e-con e-child\" data-id=\"f16a1e6\" data-element_type=\"container\" data-e-type=\"container\">\n\t\t\t\t<div class=\"elementor-element elementor-element-45dbdde elementor-position-top elementor-widget elementor-widget-image-box\" data-id=\"45dbdde\" data-element_type=\"widget\" data-e-type=\"widget\" data-widget_type=\"image-box.default\">\n\t\t\t\t\t<div class=\"elementor-image-box-wrapper\"><figure class=\"elementor-image-box-img\"><img loading=\"lazy\" decoding=\"async\" width=\"500\" height=\"500\" src=\"https:\/\/chronomancie.fr\/wp-content\/uploads\/2026\/02\/6.png\" class=\"attachment-full size-full wp-image-202\" alt=\"\" srcset=\"https:\/\/chronomancie.fr\/wp-content\/uploads\/2026\/02\/6.png 500w, https:\/\/chronomancie.fr\/wp-content\/uploads\/2026\/02\/6-300x300.png 300w, https:\/\/chronomancie.fr\/wp-content\/uploads\/2026\/02\/6-150x150.png 150w\" sizes=\"(max-width: 500px) 100vw, 500px\" \/><\/figure><div class=\"elementor-image-box-content\"><h3 class=\"elementor-image-box-title\">CHARGE MENTALE<\/h3><p class=\"elementor-image-box-description\">Ce rep\u00e8re indique des \u00e9nigmes et des <br \/>casses-t\u00eates complexes et non-lin\u00e9aires.<\/p><\/div><\/div>\t\t\t\t<\/div>\n\t\t\t\t<\/div>\n\t\t\t\t\t<\/div>\n\t\t\t\t<\/div>\n\t\t<div class=\"elementor-element elementor-element-cb304b4 e-flex e-con-boxed e-con e-parent\" data-id=\"cb304b4\" data-element_type=\"container\" data-e-type=\"container\" data-settings=\"{&quot;background_background&quot;:&quot;classic&quot;}\">\n\t\t\t\t\t<div class=\"e-con-inner\">\n\t\t\t\t<div class=\"elementor-element elementor-element-85a9e8e elementor-widget elementor-widget-text-editor\" data-id=\"85a9e8e\" data-element_type=\"widget\" data-e-type=\"widget\" data-widget_type=\"text-editor.default\">\n\t\t\t\t\t\t\t\t\t<p>Gr\u00e2ce \u00e0 l&rsquo;attribution de ces rep\u00e8res sur ses exp\u00e9riences, Chronomancie vous indique les \u00e2ges conseill\u00e9s pour les exp\u00e9riences propos\u00e9es.<\/p>\t\t\t\t\t\t\t\t<\/div>\n\t\t\t\t\t<\/div>\n\t\t\t\t<\/div>\n\t\t<div class=\"elementor-element elementor-element-e93cec1 e-flex e-con-boxed e-con e-parent\" data-id=\"e93cec1\" data-element_type=\"container\" data-e-type=\"container\" data-settings=\"{&quot;background_background&quot;:&quot;classic&quot;}\">\n\t\t\t\t\t<div class=\"e-con-inner\">\n\t\t<div class=\"elementor-element elementor-element-95b0000 e-con-full e-flex e-con e-child\" data-id=\"95b0000\" data-element_type=\"container\" data-e-type=\"container\">\n\t\t\t\t<div class=\"elementor-element elementor-element-a63e6a4 elementor-position-top elementor-widget elementor-widget-image-box\" data-id=\"a63e6a4\" data-element_type=\"widget\" data-e-type=\"widget\" data-widget_type=\"image-box.default\">\n\t\t\t\t\t<div class=\"elementor-image-box-wrapper\"><figure class=\"elementor-image-box-img\"><img loading=\"lazy\" decoding=\"async\" width=\"500\" height=\"500\" src=\"https:\/\/chronomancie.fr\/wp-content\/uploads\/2026\/02\/14.png\" class=\"attachment-full size-full wp-image-210\" alt=\"\" srcset=\"https:\/\/chronomancie.fr\/wp-content\/uploads\/2026\/02\/14.png 500w, https:\/\/chronomancie.fr\/wp-content\/uploads\/2026\/02\/14-300x300.png 300w, https:\/\/chronomancie.fr\/wp-content\/uploads\/2026\/02\/14-150x150.png 150w\" sizes=\"(max-width: 500px) 100vw, 500px\" \/><\/figure><div class=\"elementor-image-box-content\"><h3 class=\"elementor-image-box-title\">6 ANS<\/h3><p class=\"elementor-image-box-description\">D\u00e9conseill\u00e9 aux moins de 6 ans.<br>N\u00e9cessit\u00e9 d'\u00eatre accompagn\u00e9 par un majeur.<span style=\"font-size: 1rem\"><\/span><\/p><\/div><\/div>\t\t\t\t<\/div>\n\t\t\t\t<\/div>\n\t\t<div class=\"elementor-element elementor-element-9e14f44 e-con-full e-flex e-con e-child\" data-id=\"9e14f44\" data-element_type=\"container\" data-e-type=\"container\">\n\t\t\t\t<div class=\"elementor-element elementor-element-880a86c elementor-widget__width-initial elementor-position-top elementor-widget elementor-widget-image-box\" data-id=\"880a86c\" data-element_type=\"widget\" data-e-type=\"widget\" data-widget_type=\"image-box.default\">\n\t\t\t\t\t<div class=\"elementor-image-box-wrapper\"><figure class=\"elementor-image-box-img\"><img loading=\"lazy\" decoding=\"async\" width=\"500\" height=\"500\" src=\"https:\/\/chronomancie.fr\/wp-content\/uploads\/2026\/02\/13.png\" class=\"attachment-full size-full wp-image-209\" alt=\"\" srcset=\"https:\/\/chronomancie.fr\/wp-content\/uploads\/2026\/02\/13.png 500w, https:\/\/chronomancie.fr\/wp-content\/uploads\/2026\/02\/13-300x300.png 300w, https:\/\/chronomancie.fr\/wp-content\/uploads\/2026\/02\/13-150x150.png 150w\" sizes=\"(max-width: 500px) 100vw, 500px\" \/><\/figure><div class=\"elementor-image-box-content\"><h3 class=\"elementor-image-box-title\">8 ANS<\/h3><p class=\"elementor-image-box-description\">D\u00e9conseill\u00e9 aux moins de 8 ans. <br>N\u00e9cessit\u00e9 d'\u00eatre accompagn\u00e9 par un majeur.<span style=\"font-size: 1rem\"><\/span><\/p><\/div><\/div>\t\t\t\t<\/div>\n\t\t\t\t<\/div>\n\t\t<div class=\"elementor-element elementor-element-04a9c69 e-con-full e-flex e-con e-child\" data-id=\"04a9c69\" data-element_type=\"container\" data-e-type=\"container\">\n\t\t\t\t<div class=\"elementor-element elementor-element-63beea8 elementor-position-top elementor-widget elementor-widget-image-box\" data-id=\"63beea8\" data-element_type=\"widget\" data-e-type=\"widget\" data-widget_type=\"image-box.default\">\n\t\t\t\t\t<div class=\"elementor-image-box-wrapper\"><figure class=\"elementor-image-box-img\"><img loading=\"lazy\" decoding=\"async\" width=\"500\" height=\"500\" src=\"https:\/\/chronomancie.fr\/wp-content\/uploads\/2026\/02\/12.png\" class=\"attachment-full size-full wp-image-208\" alt=\"\" srcset=\"https:\/\/chronomancie.fr\/wp-content\/uploads\/2026\/02\/12.png 500w, https:\/\/chronomancie.fr\/wp-content\/uploads\/2026\/02\/12-300x300.png 300w, https:\/\/chronomancie.fr\/wp-content\/uploads\/2026\/02\/12-150x150.png 150w\" sizes=\"(max-width: 500px) 100vw, 500px\" \/><\/figure><div class=\"elementor-image-box-content\"><h3 class=\"elementor-image-box-title\">12 ANS<\/h3><p class=\"elementor-image-box-description\">D\u00e9conseill\u00e9 aux moins de 12 ans.<br>N\u00e9cessit\u00e9 d'\u00eatre accompagn\u00e9 par un majeur.<span style=\"font-size: 1rem\"><\/span><\/p><\/div><\/div>\t\t\t\t<\/div>\n\t\t\t\t<\/div>\n\t\t<div class=\"elementor-element elementor-element-3b755e2 e-con-full e-flex e-con e-child\" data-id=\"3b755e2\" data-element_type=\"container\" data-e-type=\"container\">\n\t\t\t\t<div class=\"elementor-element elementor-element-9c48a4d elementor-position-top elementor-widget elementor-widget-image-box\" data-id=\"9c48a4d\" data-element_type=\"widget\" data-e-type=\"widget\" data-widget_type=\"image-box.default\">\n\t\t\t\t\t<div class=\"elementor-image-box-wrapper\"><figure class=\"elementor-image-box-img\"><img loading=\"lazy\" decoding=\"async\" width=\"500\" height=\"500\" src=\"https:\/\/chronomancie.fr\/wp-content\/uploads\/2026\/02\/11.png\" class=\"attachment-full size-full wp-image-207\" alt=\"\" srcset=\"https:\/\/chronomancie.fr\/wp-content\/uploads\/2026\/02\/11.png 500w, https:\/\/chronomancie.fr\/wp-content\/uploads\/2026\/02\/11-300x300.png 300w, https:\/\/chronomancie.fr\/wp-content\/uploads\/2026\/02\/11-150x150.png 150w\" sizes=\"(max-width: 500px) 100vw, 500px\" \/><\/figure><div class=\"elementor-image-box-content\"><h3 class=\"elementor-image-box-title\">16 ANS<\/h3><p class=\"elementor-image-box-description\">D\u00e9conseill\u00e9 au moins de 16 ans.<\/p><\/div><\/div>\t\t\t\t<\/div>\n\t\t\t\t<\/div>\n\t\t<div class=\"elementor-element elementor-element-6611ed9 e-con-full e-flex e-con e-child\" data-id=\"6611ed9\" data-element_type=\"container\" data-e-type=\"container\">\n\t\t\t\t<div class=\"elementor-element elementor-element-021f1c7 elementor-position-top elementor-widget elementor-widget-image-box\" data-id=\"021f1c7\" data-element_type=\"widget\" data-e-type=\"widget\" data-widget_type=\"image-box.default\">\n\t\t\t\t\t<div class=\"elementor-image-box-wrapper\"><figure class=\"elementor-image-box-img\"><img loading=\"lazy\" decoding=\"async\" width=\"500\" height=\"500\" src=\"https:\/\/chronomancie.fr\/wp-content\/uploads\/2026\/02\/10.png\" class=\"attachment-full size-full wp-image-206\" alt=\"\" srcset=\"https:\/\/chronomancie.fr\/wp-content\/uploads\/2026\/02\/10.png 500w, https:\/\/chronomancie.fr\/wp-content\/uploads\/2026\/02\/10-300x300.png 300w, https:\/\/chronomancie.fr\/wp-content\/uploads\/2026\/02\/10-150x150.png 150w\" sizes=\"(max-width: 500px) 100vw, 500px\" \/><\/figure><div class=\"elementor-image-box-content\"><h3 class=\"elementor-image-box-title\">18 ANS<\/h3><p class=\"elementor-image-box-description\">D\u00e9conseill\u00e9 aux moins de 18 ans.<\/p><\/div><\/div>\t\t\t\t<\/div>\n\t\t\t\t<\/div>\n\t\t<div class=\"elementor-element elementor-element-3d531bf e-con-full e-flex e-con e-child\" data-id=\"3d531bf\" data-element_type=\"container\" data-e-type=\"container\">\n\t\t\t\t<\/div>\n\t\t\t\t\t<\/div>\n\t\t\t\t<\/div>\n\t\t\t\t<\/div>\n\t\t","protected":false},"excerpt":{"rendered":"<p>rep\u00e8res de sensibilit\u00e9 Chronomancie imagine des ambiances avec des intensit\u00e9s vari\u00e9es et des m\u00e9canismes diff\u00e9rents.Avec l&rsquo;aide de ces rep\u00e8res, vous pouvez choisir une exp\u00e9rience \u00e0 l&rsquo;\u00e2ge et \u00e0 la sensibilit\u00e9 des joueurs. PEUR Ce rep\u00e8re indique des \u00e9lements angoissants et d&rsquo;\u00e9pouvantes. VIOLENCE Ce rep\u00e8re indique des violences physiques et morales explicites. INSULTES Ce rep\u00e8re d\u00e9signe [&hellip;]<\/p>\n","protected":false},"author":1,"featured_media":0,"parent":0,"menu_order":0,"comment_status":"closed","ping_status":"closed","template":"","meta":{"footnotes":""},"class_list":["post-265","page","type-page","status-publish","hentry"],"_links":{"self":[{"href":"https:\/\/chronomancie.fr\/index.php\/wp-json\/wp\/v2\/pages\/265","targetHints":{"allow":["GET"]}}],"collection":[{"href":"https:\/\/chronomancie.fr\/index.php\/wp-json\/wp\/v2\/pages"}],"about":[{"href":"https:\/\/chronomancie.fr\/index.php\/wp-json\/wp\/v2\/types\/page"}],"author":[{"embeddable":true,"href":"https:\/\/chronomancie.fr\/index.php\/wp-json\/wp\/v2\/users\/1"}],"replies":[{"embeddable":true,"href":"https:\/\/chronomancie.fr\/index.php\/wp-json\/wp\/v2\/comments?post=265"}],"version-history":[{"count":21,"href":"https:\/\/chronomancie.fr\/index.php\/wp-json\/wp\/v2\/pages\/265\/revisions"}],"predecessor-version":[{"id":556,"href":"https:\/\/chronomancie.fr\/index.php\/wp-json\/wp\/v2\/pages\/265\/revisions\/556"}],"wp:attachment":[{"href":"https:\/\/chronomancie.fr\/index.php\/wp-json\/wp\/v2\/media?parent=265"}],"curies":[{"name":"wp","href":"https:\/\/api.w.org\/{rel}","templated":true}]}}