{"id":339,"date":"2026-02-02T17:01:18","date_gmt":"2026-02-02T17:01:18","guid":{"rendered":"https:\/\/chronomancie.fr\/?page_id=339"},"modified":"2026-02-12T08:23:30","modified_gmt":"2026-02-12T08:23:30","slug":"mentions-legales","status":"publish","type":"page","link":"https:\/\/chronomancie.fr\/index.php\/mentions-legales\/","title":{"rendered":"mentions l\u00e9gales"},"content":{"rendered":"\t\t<div data-elementor-type=\"wp-page\" data-elementor-id=\"339\" class=\"elementor elementor-339\" data-elementor-post-type=\"page\">\n\t\t\t\t<div class=\"elementor-element elementor-element-f3af2d0 e-flex e-con-boxed e-con e-parent\" data-id=\"f3af2d0\" data-element_type=\"container\" data-e-type=\"container\" data-settings=\"{&quot;background_background&quot;:&quot;classic&quot;}\">\n\t\t\t\t\t<div class=\"e-con-inner\">\n\t\t\t\t<div class=\"elementor-element elementor-element-f613608 elementor-widget elementor-widget-text-editor\" data-id=\"f613608\" data-element_type=\"widget\" data-e-type=\"widget\" data-widget_type=\"text-editor.default\">\n\t\t\t\t\t\t\t\t\t<p class=\"p1\">chronomancie.fr est \u00e9dit\u00e9 par :<\/p>\n<p class=\"p3\">Onslow<b><br><\/b><b><\/b>Soci\u00e9t\u00e9 \u00e0 responsabilit\u00e9 limit\u00e9e (SARL)&nbsp;<br>60 rue Fran\u00e7ois 1er, 75008 Paris<br>\u00cele-de-France, France<\/p>\n<p>Num\u00e9ro de syst\u00e8me d&rsquo;identification du r\u00e9pertoire des entreprises (SIREN) : 100967124<br>Num\u00e9ro de taxe sur la valeur ajout\u00e9 (TVA) : FR66100967124<br>Num\u00e9ro d&rsquo;identification europ\u00e9en (EUID) : FR7501100967124<\/p>\n<p class=\"p3\">time(at)chronomancie.fr<br>+33 (0)9 70 70 55 09<\/p>\t\t\t\t\t\t\t\t<\/div>\n\t\t\t\t\t<\/div>\n\t\t\t\t<\/div>\n\t\t<div class=\"elementor-element elementor-element-367d2a7 e-flex e-con-boxed e-con e-parent\" data-id=\"367d2a7\" data-element_type=\"container\" data-e-type=\"container\" data-settings=\"{&quot;background_background&quot;:&quot;classic&quot;}\">\n\t\t\t\t\t<div class=\"e-con-inner\">\n\t\t\t\t<div class=\"elementor-element elementor-element-c4eae66 elementor-widget elementor-widget-text-editor\" data-id=\"c4eae66\" data-element_type=\"widget\" data-e-type=\"widget\" data-widget_type=\"text-editor.default\">\n\t\t\t\t\t\t\t\t\t<p class=\"p1\">Chronomancie<span class=\"s1\"> est une <\/span>marque commerciale exploit\u00e9e par la soci\u00e9t\u00e9 Onslow<span class=\"s1\">.<br><\/span>Le directeur de la publication est Lenny Pamart en qualit\u00e9 de g\u00e9rant de la soci\u00e9t\u00e9 Onslow.<\/p>\n<p class=\"p3\">chronomancie.fr est h\u00e9berg\u00e9 par :<\/p>\n<p class=\"p3\">OVH<br data-start=\"1385\" data-end=\"1388\">2 rue Kellermann, 59100 Roubaix<br>Nord, France<br data-start=\"1427\" data-end=\"1430\">+33 (0)9 72 10 10 07<br data-start=\"1457\" data-end=\"1460\"><a class=\"decorated-link cursor-pointer\" target=\"_new\" rel=\"noopener\" data-start=\"1471\" data-end=\"1505\">www.ovh.com<\/a><\/p>\n<p class=\"p3\">L\u2019ensemble des contenus pr\u00e9sents sur chronomancie.fr (textes, images, logotypes, graphismes, \u00e9l\u00e9ments sonores et visuels, sc\u00e9narios, concepts de jeu) est prot\u00e9g\u00e9 par le droit de la propri\u00e9t\u00e9 intellectuelle.<\/p>\n<p class=\"p3\">La reproduction, repr\u00e9sentation, modification, exploitation, totale et partielle, sans autorisation pr\u00e9alable \u00e9crite de la soci\u00e9t\u00e9 Onslow est strictement interdite.<br>Onslow s\u2019efforce de fournir des informations exactes et \u00e0 jour. Toutefois, la soci\u00e9t\u00e9 ne saurait \u00eatre tenue responsable des erreurs, omissions ou d\u2019une indisponibilit\u00e9 temporaire de chronomancie.fr<\/p>\n<p>Cr\u00e9dits vid\u00e9os :&nbsp;<br>pexels.com<\/p>\t\t\t\t\t\t\t\t<\/div>\n\t\t\t\t\t<\/div>\n\t\t\t\t<\/div>\n\t\t\t\t<\/div>\n\t\t","protected":false},"excerpt":{"rendered":"<p>chronomancie.fr est \u00e9dit\u00e9 par : OnslowSoci\u00e9t\u00e9 \u00e0 responsabilit\u00e9 limit\u00e9e (SARL)&nbsp;60 rue Fran\u00e7ois 1er, 75008 Paris\u00cele-de-France, France Num\u00e9ro de syst\u00e8me d&rsquo;identification du r\u00e9pertoire des entreprises (SIREN) : 100967124Num\u00e9ro de taxe sur la valeur ajout\u00e9 (TVA) : FR66100967124Num\u00e9ro d&rsquo;identification europ\u00e9en (EUID) : FR7501100967124 time(at)chronomancie.fr+33 (0)9 70 70 55 09 Chronomancie est une marque commerciale exploit\u00e9e par la [&hellip;]<\/p>\n","protected":false},"author":1,"featured_media":0,"parent":0,"menu_order":0,"comment_status":"closed","ping_status":"closed","template":"","meta":{"footnotes":""},"class_list":["post-339","page","type-page","status-publish","hentry"],"_links":{"self":[{"href":"https:\/\/chronomancie.fr\/index.php\/wp-json\/wp\/v2\/pages\/339","targetHints":{"allow":["GET"]}}],"collection":[{"href":"https:\/\/chronomancie.fr\/index.php\/wp-json\/wp\/v2\/pages"}],"about":[{"href":"https:\/\/chronomancie.fr\/index.php\/wp-json\/wp\/v2\/types\/page"}],"author":[{"embeddable":true,"href":"https:\/\/chronomancie.fr\/index.php\/wp-json\/wp\/v2\/users\/1"}],"replies":[{"embeddable":true,"href":"https:\/\/chronomancie.fr\/index.php\/wp-json\/wp\/v2\/comments?post=339"}],"version-history":[{"count":34,"href":"https:\/\/chronomancie.fr\/index.php\/wp-json\/wp\/v2\/pages\/339\/revisions"}],"predecessor-version":[{"id":625,"href":"https:\/\/chronomancie.fr\/index.php\/wp-json\/wp\/v2\/pages\/339\/revisions\/625"}],"wp:attachment":[{"href":"https:\/\/chronomancie.fr\/index.php\/wp-json\/wp\/v2\/media?parent=339"}],"curies":[{"name":"wp","href":"https:\/\/api.w.org\/{rel}","templated":true}]}}