{"id":344,"date":"2026-02-02T17:01:45","date_gmt":"2026-02-02T17:01:45","guid":{"rendered":"https:\/\/chronomancie.fr\/?page_id=344"},"modified":"2026-02-05T15:23:15","modified_gmt":"2026-02-05T15:23:15","slug":"politique-de-confidentialite","status":"publish","type":"page","link":"https:\/\/chronomancie.fr\/index.php\/politique-de-confidentialite\/","title":{"rendered":"politique de confidentialit\u00e9"},"content":{"rendered":"\t\t<div data-elementor-type=\"wp-page\" data-elementor-id=\"344\" class=\"elementor elementor-344\" data-elementor-post-type=\"page\">\n\t\t\t\t<div class=\"elementor-element elementor-element-41475a6 e-flex e-con-boxed e-con e-parent\" data-id=\"41475a6\" data-element_type=\"container\" data-e-type=\"container\" data-settings=\"{&quot;background_background&quot;:&quot;classic&quot;}\">\n\t\t\t\t\t<div class=\"e-con-inner\">\n\t\t\t\t<div class=\"elementor-element elementor-element-2fca494 elementor-widget elementor-widget-text-editor\" data-id=\"2fca494\" data-element_type=\"widget\" data-e-type=\"widget\" data-widget_type=\"text-editor.default\">\n\t\t\t\t\t\t\t\t\t<p class=\"p3\">Dans le cadre de l\u2019utilisation de chronomancie.fr, nous pouvons \u00eatre amen\u00e9s \u00e0 collecter les donn\u00e9es suivantes :<\/p><p class=\"p1\">Noms et pr\u00e9noms ;<br \/>Adresses \u00e9lectroniques ;<br \/>Num\u00e9ros t\u00e9l\u00e9phoniques ;<br \/>Informations transmises via les formulaires ;<br \/>Donn\u00e9es de navigation (cookies, adresse IP, type de navigateur).<\/p><p class=\"p3\">Les donn\u00e9es personnelles sont collect\u00e9es uniquement pour :<\/p><p class=\"p1\">r\u00e9pondre aux demandes de contact ;<br \/>g\u00e9rer les r\u00e9servations et les relations clients ;<br \/>am\u00e9liorer l\u2019exp\u00e9rience utilisateur ;<br \/>assurer la s\u00e9curit\u00e9.<\/p><p class=\"p3\">Les traitements sont fond\u00e9s sur :<\/p><p class=\"p1\">le consentement de l\u2019utilisateur ;<br \/>l\u2019ex\u00e9cution d\u2019un contrat ou de mesures pr\u00e9contractuelles ;<br \/>l\u2019int\u00e9r\u00eat l\u00e9gitime de la soci\u00e9t\u00e9 Onslow.<\/p><p class=\"p3\">Les donn\u00e9es sont conserv\u00e9es uniquement pour la dur\u00e9e n\u00e9cessaire aux finalit\u00e9s pour lesquelles elles ont \u00e9t\u00e9 collect\u00e9es, sauf obligations l\u00e9gales contraires.<\/p><p class=\"p3\">Les donn\u00e9es personnelles sont exclusivement destin\u00e9es \u00e0 la soci\u00e9t\u00e9 <span class=\"s2\">Onslow<\/span>.<\/p><p class=\"p4\"><span class=\"s3\">Elles ne sont <\/span>ni vendues, ni c\u00e9d\u00e9es, ni lou\u00e9es<span class=\"s3\"> \u00e0 des tiers.<\/span><\/p><p class=\"p3\">Onslow applique des mesures techniques et organisationnelles appropri\u00e9es afin de garantir la s\u00e9curit\u00e9 et la confidentialit\u00e9 des donn\u00e9es personnelles.<\/p><p class=\"p3\">Conform\u00e9ment au R\u00e8glement G\u00e9n\u00e9ral sur la Protection des Donn\u00e9es (RGPD), vous disposez des droits suivants :<\/p><p class=\"p1\">droit d\u2019acc\u00e8s ;<br \/>droit de rectification ;<br \/>droit \u00e0 l\u2019effacement ;<br \/>droit \u00e0 la limitation du traitement ;<br \/>droit d\u2019opposition ;<br \/>droit \u00e0 la portabilit\u00e9 des donn\u00e9es.<\/p><p class=\"p3\">Une demande peut \u00eatre adress\u00e9e \u00e0 : time(at)chronomancie.fr<br \/><span style=\"font-family: var( --e-global-typography-text-font-family ), Sans-serif; font-size: 1rem;\">chronomancie.fr utilise des cookies n\u00e9cessaires \u00a0\u00e0 la mesure d\u2019audience.<br \/><\/span>Vous pouvez configurer votre navigateur pour refuser des cookies.<\/p>\t\t\t\t\t\t\t\t<\/div>\n\t\t\t\t\t<\/div>\n\t\t\t\t<\/div>\n\t\t\t\t<\/div>\n\t\t","protected":false},"excerpt":{"rendered":"<p>Dans le cadre de l\u2019utilisation de chronomancie.fr, nous pouvons \u00eatre amen\u00e9s \u00e0 collecter les donn\u00e9es suivantes : Noms et pr\u00e9noms ;Adresses \u00e9lectroniques ;Num\u00e9ros t\u00e9l\u00e9phoniques ;Informations transmises via les formulaires ;Donn\u00e9es de navigation (cookies, adresse IP, type de navigateur). Les donn\u00e9es personnelles sont collect\u00e9es uniquement pour : r\u00e9pondre aux demandes de contact ;g\u00e9rer les r\u00e9servations et [&hellip;]<\/p>\n","protected":false},"author":1,"featured_media":0,"parent":0,"menu_order":0,"comment_status":"closed","ping_status":"closed","template":"","meta":{"footnotes":""},"class_list":["post-344","page","type-page","status-publish","hentry"],"_links":{"self":[{"href":"https:\/\/chronomancie.fr\/index.php\/wp-json\/wp\/v2\/pages\/344","targetHints":{"allow":["GET"]}}],"collection":[{"href":"https:\/\/chronomancie.fr\/index.php\/wp-json\/wp\/v2\/pages"}],"about":[{"href":"https:\/\/chronomancie.fr\/index.php\/wp-json\/wp\/v2\/types\/page"}],"author":[{"embeddable":true,"href":"https:\/\/chronomancie.fr\/index.php\/wp-json\/wp\/v2\/users\/1"}],"replies":[{"embeddable":true,"href":"https:\/\/chronomancie.fr\/index.php\/wp-json\/wp\/v2\/comments?post=344"}],"version-history":[{"count":16,"href":"https:\/\/chronomancie.fr\/index.php\/wp-json\/wp\/v2\/pages\/344\/revisions"}],"predecessor-version":[{"id":584,"href":"https:\/\/chronomancie.fr\/index.php\/wp-json\/wp\/v2\/pages\/344\/revisions\/584"}],"wp:attachment":[{"href":"https:\/\/chronomancie.fr\/index.php\/wp-json\/wp\/v2\/media?parent=344"}],"curies":[{"name":"wp","href":"https:\/\/api.w.org\/{rel}","templated":true}]}}